{"id":2080,"date":"2023-11-07T23:16:36","date_gmt":"2023-11-07T22:16:36","guid":{"rendered":"https:\/\/bokehproducciones.es\/marketing\/?page_id=2080"},"modified":"2024-01-05T13:11:01","modified_gmt":"2024-01-05T12:11:01","slug":"redes-sociales","status":"publish","type":"page","link":"https:\/\/bokehproducciones.es\/marketing\/redes-sociales\/","title":{"rendered":"Redes sociales"},"content":{"rendered":"\t\t<div data-elementor-type=\"wp-page\" data-elementor-id=\"2080\" class=\"elementor elementor-2080\">\n\t\t\t\t<div class=\"elementor-element elementor-element-5e07cf67 e-flex e-con-boxed e-con e-parent\" data-id=\"5e07cf67\" data-element_type=\"container\" data-e-type=\"container\">\n\t\t\t\t\t<div class=\"e-con-inner\">\n\t\t<div class=\"elementor-element elementor-element-3abee2a2 e-con-full e-flex e-con e-child\" data-id=\"3abee2a2\" data-element_type=\"container\" data-e-type=\"container\">\n\t\t\t\t<div class=\"elementor-element elementor-element-35b15bc ct-advanced-heading elementor-widget elementor-widget-heading\" data-id=\"35b15bc\" data-element_type=\"widget\" data-e-type=\"widget\" data-widget_type=\"heading.default\">\n\t\t\t\t\t<h1 class=\"elementor-heading-title elementor-size-default\">REDES SOCIALES<\/h1>\t\t\t\t<\/div>\n\t\t\t\t<div class=\"elementor-element elementor-element-7402e1be elementor-widget elementor-widget-text-editor\" data-id=\"7402e1be\" data-element_type=\"widget\" data-e-type=\"widget\" data-widget_type=\"text-editor.default\">\n\t\t\t\t\t\t\t\t\t<p><span style=\"color: #888888;\"><strong>Comun\u00edcate con tu audiencia<br \/><\/strong><\/span><\/p>\t\t\t\t\t\t\t\t<\/div>\n\t\t\t\t<\/div>\n\t\t\t\t\t<\/div>\n\t\t\t\t<\/div>\n\t\t<div class=\"elementor-element elementor-element-420311ce e-flex e-con-boxed e-con e-parent\" data-id=\"420311ce\" data-element_type=\"container\" data-e-type=\"container\">\n\t\t\t\t\t<div class=\"e-con-inner\">\n\t\t\t\t<div class=\"elementor-element elementor-element-f6d4bec elementor-widget elementor-widget-text-editor\" data-id=\"f6d4bec\" data-element_type=\"widget\" data-e-type=\"widget\" data-widget_type=\"text-editor.default\">\n\t\t\t\t\t\t\t\t\t<p>Conectarse con los internautas creando una comunicaci\u00f3n con estos, es cada d\u00eda m\u00e1s esencial para la buena marcha de una marca, ya que con ello conseguimos acercarnos a los potenciales clientes de una manera m\u00e1s sutil, ayud\u00e1ndoles a satisfacer sus necesidades y orient\u00e1ndolos a interesarse por tu producto o servicio.<\/p><p>Los Community Managers de nuestra agencia crean una estrategia de marketing digital para tu marca en las redes sociales, mejorando la conexi\u00f3n y relaci\u00f3n con tu audiencia.<\/p>\t\t\t\t\t\t\t\t<\/div>\n\t\t\t\t\t<\/div>\n\t\t\t\t<\/div>\n\t\t<div class=\"elementor-element elementor-element-1fb5e278 e-flex e-con-boxed e-con e-parent\" data-id=\"1fb5e278\" data-element_type=\"container\" data-e-type=\"container\" data-settings=\"{&quot;shape_divider_bottom&quot;:&quot;opacity-tilt&quot;}\">\n\t\t\t\t\t<div class=\"e-con-inner\">\n\t\t\t\t<div class=\"elementor-shape elementor-shape-bottom\" aria-hidden=\"true\" data-negative=\"false\">\n\t\t\t<svg xmlns=\"http:\/\/www.w3.org\/2000\/svg\" viewBox=\"0 0 2600 131.1\" preserveAspectRatio=\"none\">\n\t<path class=\"elementor-shape-fill\" d=\"M0 0L2600 0 2600 69.1 0 0z\"\/>\n\t<path class=\"elementor-shape-fill\" style=\"opacity:0.5\" d=\"M0 0L2600 0 2600 69.1 0 69.1z\"\/>\n\t<path class=\"elementor-shape-fill\" style=\"opacity:0.25\" d=\"M2600 0L0 0 0 130.1 2600 69.1z\"\/>\n<\/svg>\t\t<\/div>\n\t\t\t\t\t<\/div>\n\t\t\t\t<\/div>\n\t\t<div class=\"elementor-element elementor-element-202781af e-con-full e-flex e-con e-parent\" data-id=\"202781af\" data-element_type=\"container\" data-e-type=\"container\" data-settings=\"{&quot;background_background&quot;:&quot;classic&quot;}\">\n\t\t\t\t<\/div>\n\t\t<div class=\"elementor-element elementor-element-30078409 e-flex e-con-boxed e-con e-parent\" data-id=\"30078409\" data-element_type=\"container\" data-e-type=\"container\" data-settings=\"{&quot;shape_divider_top&quot;:&quot;opacity-tilt&quot;}\">\n\t\t\t\t\t<div class=\"e-con-inner\">\n\t\t\t\t<div class=\"elementor-shape elementor-shape-top\" aria-hidden=\"true\" data-negative=\"false\">\n\t\t\t<svg xmlns=\"http:\/\/www.w3.org\/2000\/svg\" viewBox=\"0 0 2600 131.1\" preserveAspectRatio=\"none\">\n\t<path class=\"elementor-shape-fill\" d=\"M0 0L2600 0 2600 69.1 0 0z\"\/>\n\t<path class=\"elementor-shape-fill\" style=\"opacity:0.5\" d=\"M0 0L2600 0 2600 69.1 0 69.1z\"\/>\n\t<path class=\"elementor-shape-fill\" style=\"opacity:0.25\" d=\"M2600 0L0 0 0 130.1 2600 69.1z\"\/>\n<\/svg>\t\t<\/div>\n\t\t\t\t\t<\/div>\n\t\t\t\t<\/div>\n\t\t<div class=\"elementor-element elementor-element-2752e63d e-flex e-con-boxed e-con e-parent\" data-id=\"2752e63d\" data-element_type=\"container\" data-e-type=\"container\">\n\t\t\t\t\t<div class=\"e-con-inner\">\n\t\t<div class=\"elementor-element elementor-element-1076917f e-con-full e-flex e-con e-child\" data-id=\"1076917f\" data-element_type=\"container\" data-e-type=\"container\">\n\t\t\t\t<div class=\"elementor-element elementor-element-5de28c5d ct-advanced-heading elementor-widget elementor-widget-heading\" data-id=\"5de28c5d\" data-element_type=\"widget\" data-e-type=\"widget\" data-widget_type=\"heading.default\">\n\t\t\t\t\t<h2 class=\"elementor-heading-title elementor-size-default\">GESTI\u00d3N DE REDES SOCIALES PARA TU NEGOCIO<\/h2>\t\t\t\t<\/div>\n\t\t\t\t<div class=\"elementor-element elementor-element-66225820 elementor-widget elementor-widget-text-editor\" data-id=\"66225820\" data-element_type=\"widget\" data-e-type=\"widget\" data-widget_type=\"text-editor.default\">\n\t\t\t\t\t\t\t\t\t<p style=\"text-align: center;\"><span style=\"color: #888888;\"><strong>Nuestro equipo analizar\u00e1 tu empresa y crear\u00e1n una estrategia personalizada para tu p\u00fablico objetivo, ayud\u00e1ndoles a satisfacer sus necesidades y orient\u00e1ndolos a interesarse por tu marca.<br \/><\/strong><\/span><\/p>\t\t\t\t\t\t\t\t<\/div>\n\t\t<div class=\"elementor-element elementor-element-3c13dfc8 e-con-full e-flex e-con e-child\" data-id=\"3c13dfc8\" data-element_type=\"container\" data-e-type=\"container\">\n\t\t\t\t<div class=\"elementor-element elementor-element-17d9be2c elementor-align-right elementor-mobile-align-center elementor-widget elementor-widget-button\" data-id=\"17d9be2c\" data-element_type=\"widget\" data-e-type=\"widget\" data-widget_type=\"button.default\">\n\t\t\t\t\t\t\t\t\t\t<a class=\"elementor-button elementor-button-link elementor-size-md\" href=\"https:\/\/bokehproducciones.es\/marketing\/contacto\/\">\n\t\t\t\t\t\t<span class=\"elementor-button-content-wrapper\">\n\t\t\t\t\t\t\t\t\t<span class=\"elementor-button-text\">\u00a1Solicita presupuesto ahora!<\/span>\n\t\t\t\t\t<\/span>\n\t\t\t\t\t<\/a>\n\t\t\t\t\t\t\t\t<\/div>\n\t\t\t\t<\/div>\n\t\t\t\t<\/div>\n\t\t\t\t\t<\/div>\n\t\t\t\t<\/div>\n\t\t<div class=\"elementor-element elementor-element-387b0619 e-flex e-con-boxed e-con e-parent\" data-id=\"387b0619\" data-element_type=\"container\" data-e-type=\"container\" data-settings=\"{&quot;shape_divider_bottom&quot;:&quot;opacity-fan&quot;}\">\n\t\t\t\t\t<div class=\"e-con-inner\">\n\t\t\t\t<div class=\"elementor-shape elementor-shape-bottom\" aria-hidden=\"true\" data-negative=\"false\">\n\t\t\t<svg xmlns=\"http:\/\/www.w3.org\/2000\/svg\" viewBox=\"0 0 283.5 19.6\" preserveAspectRatio=\"none\">\n\t<path class=\"elementor-shape-fill\" style=\"opacity:0.33\" d=\"M0 0L0 18.8 141.8 4.1 283.5 18.8 283.5 0z\"\/>\n\t<path class=\"elementor-shape-fill\" style=\"opacity:0.33\" d=\"M0 0L0 12.6 141.8 4 283.5 12.6 283.5 0z\"\/>\n\t<path class=\"elementor-shape-fill\" style=\"opacity:0.33\" d=\"M0 0L0 6.4 141.8 4 283.5 6.4 283.5 0z\"\/>\n\t<path class=\"elementor-shape-fill\" d=\"M0 0L0 1.2 141.8 4 283.5 1.2 283.5 0z\"\/>\n<\/svg>\t\t<\/div>\n\t\t\t\t\t<\/div>\n\t\t\t\t<\/div>\n\t\t<div class=\"elementor-element elementor-element-7b529b91 e-flex e-con-boxed e-con e-parent\" data-id=\"7b529b91\" data-element_type=\"container\" data-e-type=\"container\" data-settings=\"{&quot;background_background&quot;:&quot;classic&quot;}\">\n\t\t\t\t\t<div class=\"e-con-inner\">\n\t\t\t\t\t<\/div>\n\t\t\t\t<\/div>\n\t\t<div class=\"elementor-element elementor-element-4f1b3a17 e-flex e-con-boxed e-con e-parent\" data-id=\"4f1b3a17\" data-element_type=\"container\" data-e-type=\"container\" data-settings=\"{&quot;shape_divider_top&quot;:&quot;opacity-fan&quot;}\">\n\t\t\t\t\t<div class=\"e-con-inner\">\n\t\t\t\t<div class=\"elementor-shape elementor-shape-top\" aria-hidden=\"true\" data-negative=\"false\">\n\t\t\t<svg xmlns=\"http:\/\/www.w3.org\/2000\/svg\" viewBox=\"0 0 283.5 19.6\" preserveAspectRatio=\"none\">\n\t<path class=\"elementor-shape-fill\" style=\"opacity:0.33\" d=\"M0 0L0 18.8 141.8 4.1 283.5 18.8 283.5 0z\"\/>\n\t<path class=\"elementor-shape-fill\" style=\"opacity:0.33\" d=\"M0 0L0 12.6 141.8 4 283.5 12.6 283.5 0z\"\/>\n\t<path class=\"elementor-shape-fill\" style=\"opacity:0.33\" d=\"M0 0L0 6.4 141.8 4 283.5 6.4 283.5 0z\"\/>\n\t<path class=\"elementor-shape-fill\" d=\"M0 0L0 1.2 141.8 4 283.5 1.2 283.5 0z\"\/>\n<\/svg>\t\t<\/div>\n\t\t\t\t\t<\/div>\n\t\t\t\t<\/div>\n\t\t<div class=\"elementor-element elementor-element-25908fa0 e-flex e-con-boxed e-con e-parent\" data-id=\"25908fa0\" data-element_type=\"container\" data-e-type=\"container\">\n\t\t\t\t\t<div class=\"e-con-inner\">\n\t\t<div class=\"elementor-element elementor-element-116a4bbd e-con-full e-flex e-con e-child\" data-id=\"116a4bbd\" data-element_type=\"container\" data-e-type=\"container\">\n\t\t\t\t<div class=\"elementor-element elementor-element-53fa506c ct-advanced-heading elementor-widget elementor-widget-heading\" data-id=\"53fa506c\" data-element_type=\"widget\" data-e-type=\"widget\" data-widget_type=\"heading.default\">\n\t\t\t\t\t<h2 class=\"elementor-heading-title elementor-size-default\">\u00bfQuieres mejorar la comunicaci\u00f3n con tu audiencia?<\/h2>\t\t\t\t<\/div>\n\t\t\t\t<div class=\"elementor-element elementor-element-495d51e9 elementor-widget elementor-widget-text-editor\" data-id=\"495d51e9\" data-element_type=\"widget\" data-e-type=\"widget\" data-widget_type=\"text-editor.default\">\n\t\t\t\t\t\t\t\t\t<p style=\"text-align: center;\">Nuestra agencia de marketing gestionar\u00e1 todo de tus redes sociales para que no tengas que preocuparte de nada que tenga que ver con ello.<\/p>\n<p style=\"text-align: center;\">Crearemos contenido visualmente atractivo que refleje la esencia de tu marca, desde im\u00e1genes cautivadoras hasta videos envolventes, destacando tu presencia en cada publicaci\u00f3n.<\/p>\n<p style=\"text-align: center;\">Desarrollamos estrategias adaptadas a tus objetivos comerciales y a la audiencia que desees alcanzar, alineando cada publicaci\u00f3n con tu visi\u00f3n y valores, conectando con tus seguidores.<\/p>\n<p style=\"text-align: center;\">Monitoreamos el rendimiento de tus redes sociales y te ofrecemos informes detallados para que puedas medir el impacto de tu presencia en tus perfiles, ajustando constantemente nuestra estrategia para maximizar resultados en tus redes sociales.<\/p>\n<p style=\"text-align: center;\">Maximizamos la visibilidad de tus publicaciones mediante una programaci\u00f3n estrat\u00e9gica, asegur\u00e1ndonos de que tu contenido llegue a tu audiencia en el momento \u00f3ptimo.<\/p>\n<p style=\"text-align: center;\">Fomentamos la participaci\u00f3n de tu audiencia respondiendo a comentarios y mensajes directos, construyendo conexiones genuinas para cultivar una comunidad leal a tu marca.<\/p>\n<p style=\"text-align: center;\">Mejoraremos la relaci\u00f3n existente con tu audiencia y el alcance de esta para seguir creciendo exponencialmente tu negocio.<\/p>\t\t\t\t\t\t\t\t<\/div>\n\t\t\t\t<\/div>\n\t\t\t\t\t<\/div>\n\t\t\t\t<\/div>\n\t\t<div class=\"elementor-element elementor-element-3c1692b5 e-flex e-con-boxed e-con e-parent\" data-id=\"3c1692b5\" data-element_type=\"container\" data-e-type=\"container\">\n\t\t\t\t\t<div class=\"e-con-inner\">\n\t\t<div class=\"elementor-element elementor-element-454f24f0 e-con-full e-flex e-con e-child\" data-id=\"454f24f0\" data-element_type=\"container\" data-e-type=\"container\">\n\t\t<div class=\"elementor-element elementor-element-10cfba83 e-con-full e-flex e-con e-child\" data-id=\"10cfba83\" data-element_type=\"container\" data-e-type=\"container\">\n\t\t\t\t<div class=\"elementor-element elementor-element-244898a2 elementor-align-right elementor-mobile-align-center elementor-widget elementor-widget-button\" data-id=\"244898a2\" data-element_type=\"widget\" data-e-type=\"widget\" data-widget_type=\"button.default\">\n\t\t\t\t\t\t\t\t\t\t<a class=\"elementor-button elementor-button-link elementor-size-md\" href=\"https:\/\/bokehproducciones.es\/marketing\/contacto\/\">\n\t\t\t\t\t\t<span class=\"elementor-button-content-wrapper\">\n\t\t\t\t\t\t\t\t\t<span class=\"elementor-button-text\">\u00a1Solicita presupuesto ahora!<\/span>\n\t\t\t\t\t<\/span>\n\t\t\t\t\t<\/a>\n\t\t\t\t\t\t\t\t<\/div>\n\t\t\t\t<\/div>\n\t\t\t\t<\/div>\n\t\t\t\t\t<\/div>\n\t\t\t\t<\/div>\n\t\t<div class=\"elementor-element elementor-element-e67d6dd e-flex e-con-boxed e-con e-parent\" data-id=\"e67d6dd\" data-element_type=\"container\" data-e-type=\"container\">\n\t\t\t\t\t<div class=\"e-con-inner\">\n\t\t<div class=\"elementor-element elementor-element-75a583c7 e-flex e-con-boxed e-con e-child\" data-id=\"75a583c7\" data-element_type=\"container\" data-e-type=\"container\" data-settings=\"{&quot;background_background&quot;:&quot;classic&quot;}\">\n\t\t\t\t\t<div class=\"e-con-inner\">\n\t\t<div class=\"elementor-element elementor-element-15f68b24 e-con-full e-flex e-con e-child\" data-id=\"15f68b24\" data-element_type=\"container\" data-e-type=\"container\">\n\t\t\t\t<div class=\"elementor-element elementor-element-15469d92 elementor-widget elementor-widget-heading\" data-id=\"15469d92\" data-element_type=\"widget\" data-e-type=\"widget\" data-widget_type=\"heading.default\">\n\t\t\t\t\t<h2 class=\"elementor-heading-title elementor-size-default\">\u00bfListo para impulsar su negocio?<\/h2>\t\t\t\t<\/div>\n\t\t\t\t<div class=\"elementor-element elementor-element-726b6b6f elementor-widget elementor-widget-text-editor\" data-id=\"726b6b6f\" data-element_type=\"widget\" data-e-type=\"widget\" data-widget_type=\"text-editor.default\">\n\t\t\t\t\t\t\t\t\t<p style=\"text-align: justify;\">Nuestro equipo de expertos en integraci\u00f3n digital est\u00e1 aqu\u00ed para ayudarte a alcanzar tus objetivos online.<\/p>\t\t\t\t\t\t\t\t<\/div>\n\t\t\t\t<div class=\"elementor-element elementor-element-378f3aed elementor-align-left elementor-mobile-align-center elementor-widget elementor-widget-button\" data-id=\"378f3aed\" data-element_type=\"widget\" data-e-type=\"widget\" data-widget_type=\"button.default\">\n\t\t\t\t\t\t\t\t\t\t<a class=\"elementor-button elementor-button-link elementor-size-md\" href=\"https:\/\/bokehproducciones.es\/marketing\/contacto\/\">\n\t\t\t\t\t\t<span class=\"elementor-button-content-wrapper\">\n\t\t\t\t\t\t\t\t\t<span class=\"elementor-button-text\">Contacto<\/span>\n\t\t\t\t\t<\/span>\n\t\t\t\t\t<\/a>\n\t\t\t\t\t\t\t\t<\/div>\n\t\t\t\t<\/div>\n\t\t\t\t<div class=\"elementor-element elementor-element-5f2725ab elementor-widget__width-initial elementor-widget elementor-widget-image\" data-id=\"5f2725ab\" data-element_type=\"widget\" data-e-type=\"widget\" data-widget_type=\"image.default\">\n\t\t\t\t\t\t\t\t\t\t\t\t\t\t\t<img fetchpriority=\"high\" decoding=\"async\" width=\"525\" height=\"173\" src=\"https:\/\/bokehproducciones.es\/marketing\/wp-content\/uploads\/2023\/09\/Logo-Bokeh1-blanco.png\" class=\"attachment-large size-large wp-image-1496\" alt=\"\" srcset=\"https:\/\/bokehproducciones.es\/marketing\/wp-content\/uploads\/2023\/09\/Logo-Bokeh1-blanco.png 525w, https:\/\/bokehproducciones.es\/marketing\/wp-content\/uploads\/2023\/09\/Logo-Bokeh1-blanco-300x99.png 300w\" sizes=\"(max-width: 525px) 100vw, 525px\" \/>\t\t\t\t\t\t\t\t\t\t\t\t\t\t\t<\/div>\n\t\t\t\t\t<\/div>\n\t\t\t\t<\/div>\n\t\t\t\t\t<\/div>\n\t\t\t\t<\/div>\n\t\t\t\t<\/div>\n\t\t","protected":false},"excerpt":{"rendered":"<p>REDES SOCIALES Comun\u00edcate con tu audiencia Conectarse con los internautas creando una comunicaci\u00f3n con estos, es cada d\u00eda m\u00e1s esencial para la buena marcha de una marca, ya que con ello conseguimos acercarnos a los potenciales clientes de una manera m\u00e1s sutil, ayud\u00e1ndoles a satisfacer sus necesidades y orient\u00e1ndolos a interesarse por tu producto o [&hellip;]<\/p>\n","protected":false},"author":1,"featured_media":3179,"parent":0,"menu_order":0,"comment_status":"closed","ping_status":"closed","template":"elementor_header_footer","meta":{"_eb_attr":"","footnotes":""},"class_list":["post-2080","page","type-page","status-publish","has-post-thumbnail","hentry"],"blocksy_meta":"","jetpack_sharing_enabled":true,"_links":{"self":[{"href":"https:\/\/bokehproducciones.es\/marketing\/wp-json\/wp\/v2\/pages\/2080","targetHints":{"allow":["GET"]}}],"collection":[{"href":"https:\/\/bokehproducciones.es\/marketing\/wp-json\/wp\/v2\/pages"}],"about":[{"href":"https:\/\/bokehproducciones.es\/marketing\/wp-json\/wp\/v2\/types\/page"}],"author":[{"embeddable":true,"href":"https:\/\/bokehproducciones.es\/marketing\/wp-json\/wp\/v2\/users\/1"}],"replies":[{"embeddable":true,"href":"https:\/\/bokehproducciones.es\/marketing\/wp-json\/wp\/v2\/comments?post=2080"}],"version-history":[{"count":41,"href":"https:\/\/bokehproducciones.es\/marketing\/wp-json\/wp\/v2\/pages\/2080\/revisions"}],"predecessor-version":[{"id":3949,"href":"https:\/\/bokehproducciones.es\/marketing\/wp-json\/wp\/v2\/pages\/2080\/revisions\/3949"}],"wp:featuredmedia":[{"embeddable":true,"href":"https:\/\/bokehproducciones.es\/marketing\/wp-json\/wp\/v2\/media\/3179"}],"wp:attachment":[{"href":"https:\/\/bokehproducciones.es\/marketing\/wp-json\/wp\/v2\/media?parent=2080"}],"curies":[{"name":"wp","href":"https:\/\/api.w.org\/{rel}","templated":true}]}}